*x - 138. Give w(5).
7
Let k = -3 - -15. Let o be (-12 + k)/(0 - -1). Let g be (o + -3 + 3)/2. Let b(z) = -z**2 + z - 18. What is b(g)?
-18
Let b(w) = w**3 - 5*w**2 + 3*w - 6. Suppose 0 = -4*o + 2*t + 10, 50 = 10*o - 5*o + 5*t. Calculate b(o).
9
Suppose 3*j - 5 = 2*j. Suppose -4*u = -p + 18, j*p + 4*u - 2 = -8. Let g(z) = z**3 - 2*z + 3*z + 4*z - 7*z**p + z. What is g(6)?
0
Let k(b) = -3*b + 9. Suppose 0*u - 4*u + 3*t - 48 = 0, 3*u + 36 = -3*t. Let l = -139 - -121. Let n be ((-4)/u)/((-1)/l). Calculate k(n).
-9
Let v(d) = d**2 + 7*d + 5. Let r(h) be the second derivative of -h**5/10 - 5*h**4/6 + h**3/2 + 7*h**2/2 + 48*h. Let i be r(-5). Determine v(i).
13
Let u(z) be the third derivative of z**5/60 + 7*z**4/24 + 7*z**3/6 + 12*z**2 - 5*z. What is u(-5)?
-3
Let k(c) = -4*c - 5. Suppose 6*q = 4*q + 6. Let h(u) = -2*u + 3. Let z be h(q). Let a(s) = -s - 1. Let i(y) = z*a(y) + k(y). Determine i(-4).
2
Let m(f) = 4*f - 85. Let j(r) = -9*r + 198. Let l(b) = -3*j(b) - 7*m(b). Let p = -1 + 0. Let k = p + -3. Give l(k).
5
Let o(s) be the first derivative of -s**4/4 - 2*s**3 + 3*s**2/2 + 12*s - 457. What is o(-6)?
-6
Let a be 801/(-12) - 24/(-32). Let u = -63 - a. Let l(g) = 5*g**2 + 25*g + 25. Let y(t) = -t**2 - 6*t - 6. Let s(q) = 2*l(q) + 9*y(q). Calculate s(u).
-7
Suppose -f + 0 - 1 = 0. Let z be (2 + f)*-1*0/17. Let d(a) = -a. What is d(z)?
0
Let s(o) = -5*o + 19. Let v be (-4 - -3 - -3) + (-5 - -6). Calculate s(v).
4
Let c(w) = -w + 4. Let d be (1 + 3)/((-105)/14 + 8). Let s be c(d). Let o(n) = n**2 + 4*n + 5. Determine o(s).
5
Let y(q) = -q + 3. Let u be -1*-7*(-5 + (3 - -1)). What is y(u)?
10
Let l = -22 + 25. Let y(x) = 2*x - 7. Let q(d) = 5*d - 20. Let m(b) = 3*q(b) - 8*y(b). Determine m(l).
-7
Let s(h) be the third derivative of -25*h**2 + 1/24*h**4 + 0 + 1/6*h**3 + 0*h. Give s(3).
4
Let h be 24/(-60) + 17/5. Suppose -19 = -2*v + 3*j, v + j + 18 = -h*j. Let l(u) = -3*u**3 + 193 + 2*u + 4*u**3 - 3*u**2 - 192. What is l(v)?
1
Let u(s) = -s**2 + 7*s - 3. Suppose 3 = b - 0. Suppose 30 = b*l - 6*l. Let p = -5 - l. Give u(p).
7
Let k = 125 + -46. Let w = k + -83. Let u(f) be the second derivative of f**5/20 + 5*f**4/12 + f**3 + f**2/2 - f. Give u(w).
-7
Let c(x) = -x**3 - x + 6. Suppose -3*u = -4*w - 16, 3*u = -u + 3*w + 12. What is c(u)?
6
Let l(k) be the first derivative of -k**2/2 + 2*k - 1. Suppose 4*b + 13 = 3*y, 2*b = 3*y + 3 - 20. Calculate l(y).
-5
Suppose -4*y = 3*w + 16, 3*y - w + 2*w = -12. Let j(b) be the third derivative of -1/8*b**4 + 0*b**3 + 10*b**2 + 1/20*b**5 + 0 + 1/120*b**6 + 0*b. What is j(y)?
-4
Let z(r) = -r**3 - 6*r - 8*r**2 + 15*r + 13 - 13 + 4. Determine z(-9).
4
Let h = 24 + -22. Suppose 16 = h*m - 0*m. Let z(v) = -5*v**2 - 7*v + 7. Let o(y) = -3*y**2 - 3*y + 4. Let s(f) = 7*o(f) - 4*z(f). Determine s(m).
-8
Let m(t) = 4 + 56*t - 182*t + 43*t + t**3 + 74*t + 63*t + 29*t**2. Determine m(-27).
4
Let j(t) = -2*t**3 - t**2 - 4*t + 3. Let n(a) = -3*a**3 - a**2 - 6*a + 4. Let g(x) = 8*j(x) - 5*n(x). Let m = -6363 + 6360. What is g(m)?
10
Let a(c) = -c**3 - 3*c**2 + 5*c + 5. Let u = 285 + -289. Give a(u).
1
Suppose -4*j - 39 + 899 = 0. Let r(g) = 4*g + j - 109 - 108. Determine r(2).
6
Let n(q) = -q**3 - 3*q**2 + 5*q + 6. Suppose 0*i + 14 = -2*i - 2*u, -2*i + 4*u + 4 = 0. Let z be 1/i - 17/(-4). Let v = z - 8. Calculate n(v).
2
Let o(k) = 6 + 1364*k**2 - k**3 + 1361*k**2 - 2726*k**2. What is o(0)?
6
Suppose 2*f - 10 + 26 = 0. Let n(a) be the third derivative of -a**4/24 + 11*a**3/6 + 86*a**2 + 2. What is n(f)?
19
Let w(k) = 9*k - 3. Let b be w(3). Let z = -31 + b. Let i(u) = u**2 + 7*u + 8. Calculate i(z).
8
Suppose -3*v = v - 0*v. Let o(l) = 0*l**2 + l**2 + 4 + v*l**2 - 1 - 6*l. Determine o(6).
3
Let x(j) = -4*j**2 + 6*j + 6. Let k(v) = -7*v**2 + 12*v + 12. Let m(q) = 6*k(q) - 11*x(q). What is m(-5)?
26
Let b(i) = -i**3 + 4*i**2 - 4*i + 1. Let l be 0/10 + -4 + 8. Determine b(l).
-15
Let p(w) be the third derivative of w**5/60 - 5*w**4/24 + 210*w**2. Calculate p(3).
-6
Let p(q) = q**3 + 4*q**2 - 6*q - 5. Let j be p(-5). Suppose n + n - 14 = j. Let c(l) be the third derivative of l**4/24 - 5*l**3/3 - 8*l**2. Give c(n).
-3
Let f(m) = -m**2 + 11*m - 13. Suppose 5*u = 3*u + 18. Let h be f(u). Let w(x) = 8*x - 11 + x**2 + 5 + 0*x**2 + h. What is w(-5)?
-16
Let h(q) = q + q - 1 + 3*q + 4. Let l(u) = 5*u + 4. Let y(z) = 2*h(z) - 3*l(z). Give y(-5).
19
Let j(n) = 12*n**2 + 80*n + 81*n - 11*n**2 - 6 - 151*n. What is j(-10)?
-6
Suppose -5*n - 24 = -2*g, -5*n + 7*g - 3*g = 28. Let u(y) = -4*y - 3. Give u(n).
13
Let b be 2 + (0 + -2)*-1. Let f(z) = -b*z - 8 + z**2 - z**2 + z**2. Suppose -46*p + 18 = -43*p. What is f(p)?
4
Let a(l) = -l**2 - 2*l - 1. Let b(i) = 2*i**2 + 25*i - 10. Let t be b(-13). Suppose t*u + 5 + 7 = 0. What is a(u)?
-9
Let v(u) = -u**3 - 7*u**2 - 2*u + 10. Suppose -344 = 61*w + 22. Give v(w).
-14
Let q(s) = -13*s**2 + 113*s + 34. Let w be q(9). Let y(b) = -6*b - 11. What is y(w)?
1
Let a = -58 - -60. Let g(t) = -4 - t**3 - t + t**a + 15 - 7*t**2 - 5. Give g(-5).
-14
Let m = 12 + -14. Let v(l) = -17*l - 15. Let s(n) = 6*n + 5. Let p(w) = -8*s(w) - 3*v(w). Let x(t) = 1. Let k(j) = -p(j) + 3*x(j). What is k(m)?
4
Let r(s) = s + 5. Let t be r(-3). Suppose -x - t = -5. Let p(h) = 1 - 7 + x + 0 - 4*h. What is p(-3)?
9
Let x(n) = n**3 - 11*n**2 + 5. Let i(d) = -d + 29. Let a be i(18). Determine x(a).
5
Let j(n) = -n**3 - 8*n**2 + 2*n + 12. Let d(c) = c**2 - 16*c - 8. Let l be d(16). Give j(l).
-4
Let c(h) be the second derivative of -h**5/20 - 5*h**4/12 + 5*h**3/6 + h. Let d(u) = -7*u + 29. Let k be 2/6 + 1 + (-22)/(-6). Let t be d(k). Determine c(t).
6
Let f(j) = -j - 1. Let y(h) = 2*h + 6. Let d(n) = 5*f(n) + y(n). Let p be d(2). Let i(m) = -m**2 - 7*m - 3. Give i(p).
7
Let c(j) be the third derivative of -2*j**2 - 9*j + 0 + 1/120*j**6 + 1/15*j**5 - 5/24*j**4 + 1/3*j**3. What is c(-5)?
2
Let j(d) = -d + 3. Let t be j(-10). Let v = t - 13. Let o(s) = -s. Determine o(v).
0
Suppose 0 = -5*v - 3*h - 26, -3*v = 2*v + 4*h + 28. Let f(u) = u**2 - 6*u - 3. Let j be f(6). Let k = j - v. Let b(z) = 8*z + 1. What is b(k)?
9
Let f(g) be the third derivative of 1/720*g**6 + 0*g**3 + 0*g + 0 + 1/30*g**5 + 8*g**2 - 7/24*g**4. Let n(j) be the second derivative of f(j). Give n(3).
7
Suppose 0 = 5*s + 2*g - 26, 2*s = -4*g + g + 6. Let t(d) = 10 + 3*d**2 - 3*d - 1 - 2 - d**3 - s. Determine t(3).
-8
Let s(i) = -3*i**3 + 8*i**2 - 11*i - 12. Let c = 12 + -10. Let u(g) = 4*g**3 - 8*g**2 + 12*g + 13. Let z(x) = c*u(x) + 3*s(x). What is z(7)?
-24
Let l = 15 + -11. Let p(g) = -g**3 + 3*g**2 + 5*g + 1. Let s be p(l). Let y(t) = 2*t + 2*t - t + s*t**2 + t**3 + 4. What is y(-4)?
8
Suppose 6*i + 425 = -11*i. Let o(f) = f**2 + 26*f + 21. Give o(i).
-4
Let i be 16/104 + 2 + 630/(-39). Let b = -6 - i. Let d(w) = -w - 1. Give d(b).
-9
Suppose 2*t = -t + 36. Let k be 38/t*-2 - (-1)/3. Let x(m) = m**2 + 7*m + 8. What is x(k)?
2
Let r(i) = -252*i**2 - 245*i**2 - 15 + 498*i**2 + 5*i. Determine r(-6).
-9
Let d(o) = -2*o**2 - 5*o + 1. Let u(f) = -2*f + 2. Let g be u(-3). Let l be g/(-5)*(-80)/(-32). Calculate d(l).
-11
Let f(n) = -n - 4 + 2 - 7. Let m(a) = a**2 - 17*a - 25. Suppose 5*h - 59 - 31 = 0. Let b be m(h). Give f(b).
-2
Let s(v) be the first derivative of v**4/6 + 2*v**3/3 - 2*v**2 + 5*v + 6. Let g(o) be the first derivative of s(o). Determine g(-4).
12
Let m(d) = 4*d**3 - 2*d**2 - 4*d + 6. Let u(j) = -5 + 5*j**3 - 5*j**2 + 11 + 3*j**2 + 1 - 5*j. Let l(q) = -6*m(q) + 5*u(q). Give l(2).
13
Let h(f) be the third derivative of f**4/24 + f**3/2 + f**2 + 13*f. Determine h(5).
8
Let h(r) = r**3 + 4*r**2 - r + 16. Let j be 9/(378/(-12)) - 165/35. Calculate h(j).
-4
Let q = -68 - -70. Suppose 2*z - q*r = 16, 14 = 5*z - 4*r - 24. Let t(d) = d**2 - 2*d - 8. Calculate t(z).
16
Let j(l) = l**3 + l**2 + 3*l + 3. Let z be j(-2). Let p(x) = x**3 + 7*x**2 - 3*x + 5. What is p(z)?
26
Let l(n) = 52*n - 56*n + 7 + n + n**2. What is l(4)?
11
Let n(t) = -2*t - 6. Let f = -87 + 83. What is n(f)?
2
Suppose -2*w = -4*u + 3*u, w - 4*u = -7. Suppose w = 3*b + 13. Let g(f) = f**2 + 5*f + 1. Determine g(b).
-3
Let i(f) = 3*f**2 - 6*f - 9. Let d be i(4). Let l(q) = -q**3 + 14*q**2 + 14*q + 8. Calculate l(d).
-7
Let f be (36/24)/(1/((-16)/(-6))). Let h(k) be the first derivative of -